{"id":1375,"date":"2024-10-21T13:13:06","date_gmt":"2024-10-21T11:13:06","guid":{"rendered":"https:\/\/www.small-hostel-la-girelle.com\/files\/2024\/10\/chateau-if-monte-cristo.jpg"},"modified":"2024-10-21T15:20:44","modified_gmt":"2024-10-21T13:20:44","slug":"chateau-if-monte-cristo","status":"inherit","type":"attachment","link":"https:\/\/www.small-hostel-la-girelle.com\/fr\/2024\/10\/21\/comte-de-monte-cristo-chateau-dif-auberge-girelle\/chateau-if-monte-cristo\/","title":{"rendered":"Peinture du Ch\u00e2teau d&rsquo;If"},"author":1,"comment_status":"closed","ping_status":"closed","template":"","meta":[],"yoast_head":"<!-- This site is optimized with the Yoast SEO plugin v22.3 - https:\/\/yoast.com\/wordpress\/plugins\/seo\/ -->\n<title>Peinture du Ch\u00e2teau d&#039;If - La Girelle - Small Hostel Marseille<\/title>\n<meta name=\"robots\" content=\"index, follow, max-snippet:-1, max-image-preview:large, max-video-preview:-1\" \/>\n<link rel=\"canonical\" href=\"https:\/\/www.small-hostel-la-girelle.com\/files\/2024\/10\/chateau-if-monte-cristo.jpg\" \/>\n<meta property=\"og:locale\" content=\"fr_FR\" \/>\n<meta property=\"og:type\" content=\"article\" \/>\n<meta property=\"og:title\" content=\"Peinture du Ch\u00e2teau d&#039;If - La Girelle - Small Hostel Marseille\" \/>\n<meta property=\"og:description\" content=\"Peinture du Ch\u00e2teau d&#039;If avec un ciel fanstatique et un coucher de soleil.\" \/>\n<meta property=\"og:url\" content=\"https:\/\/www.small-hostel-la-girelle.com\/files\/2024\/10\/chateau-if-monte-cristo.jpg\" \/>\n<meta property=\"og:site_name\" content=\"La Girelle - Small Hostel Marseille\" \/>\n<meta property=\"article:modified_time\" content=\"2024-10-21T13:20:44+00:00\" \/>\n<meta property=\"og:image\" content=\"https:\/\/www.small-hostel-la-girelle.com\/files\/2024\/10\/chateau-if-monte-cristo.jpg\" \/>\n\t<meta property=\"og:image:width\" content=\"743\" \/>\n\t<meta property=\"og:image:height\" content=\"539\" \/>\n\t<meta property=\"og:image:type\" content=\"image\/jpeg\" \/>\n<meta name=\"twitter:card\" content=\"summary_large_image\" \/>\n<script type=\"application\/ld+json\" class=\"yoast-schema-graph\">{\"@context\":\"https:\/\/schema.org\",\"@graph\":[{\"@type\":\"WebPage\",\"@id\":\"https:\/\/www.small-hostel-la-girelle.com\/files\/2024\/10\/chateau-if-monte-cristo.jpg\",\"url\":\"https:\/\/www.small-hostel-la-girelle.com\/files\/2024\/10\/chateau-if-monte-cristo.jpg\",\"name\":\"Peinture du Ch\u00e2teau d'If - La Girelle - Small Hostel Marseille\",\"isPartOf\":{\"@id\":\"https:\/\/www.small-hostel-la-girelle.com\/#website\"},\"datePublished\":\"2024-10-21T11:13:06+00:00\",\"dateModified\":\"2024-10-21T13:20:44+00:00\",\"breadcrumb\":{\"@id\":\"https:\/\/www.small-hostel-la-girelle.com\/files\/2024\/10\/chateau-if-monte-cristo.jpg#breadcrumb\"},\"inLanguage\":\"fr-FR\",\"potentialAction\":[{\"@type\":\"ReadAction\",\"target\":[\"https:\/\/www.small-hostel-la-girelle.com\/files\/2024\/10\/chateau-if-monte-cristo.jpg\"]}]},{\"@type\":\"BreadcrumbList\",\"@id\":\"https:\/\/www.small-hostel-la-girelle.com\/files\/2024\/10\/chateau-if-monte-cristo.jpg#breadcrumb\",\"itemListElement\":[{\"@type\":\"ListItem\",\"position\":1,\"name\":\"Accueil\",\"item\":\"https:\/\/www.small-hostel-la-girelle.com\/fr\/\"},{\"@type\":\"ListItem\",\"position\":2,\"name\":\"Le Comte de Monte-Cristo et La Girelle : Un Lien Historique et Culturel au C\u0153ur de Marseille\",\"item\":\"https:\/\/www.small-hostel-la-girelle.com\/fr\/2024\/10\/21\/comte-de-monte-cristo-chateau-dif-auberge-girelle\/\"},{\"@type\":\"ListItem\",\"position\":3,\"name\":\"Peinture du Ch\u00e2teau d&rsquo;If\"}]},{\"@type\":\"WebSite\",\"@id\":\"https:\/\/www.small-hostel-la-girelle.com\/#website\",\"url\":\"https:\/\/www.small-hostel-la-girelle.com\/\",\"name\":\"La Girelle - Small Hostel Marseille\",\"description\":\"hostel marseille, cheap &amp; small\",\"publisher\":{\"@id\":\"https:\/\/www.small-hostel-la-girelle.com\/#organization\"},\"alternateName\":\"Hostel Marseille\",\"potentialAction\":[{\"@type\":\"SearchAction\",\"target\":{\"@type\":\"EntryPoint\",\"urlTemplate\":\"https:\/\/www.small-hostel-la-girelle.com\/?s={search_term_string}\"},\"query-input\":\"required name=search_term_string\"}],\"inLanguage\":\"fr-FR\"},{\"@type\":\"Organization\",\"@id\":\"https:\/\/www.small-hostel-la-girelle.com\/#organization\",\"name\":\"La Girelle - Small Hostel Marseille\",\"url\":\"https:\/\/www.small-hostel-la-girelle.com\/\",\"logo\":{\"@type\":\"ImageObject\",\"inLanguage\":\"fr-FR\",\"@id\":\"https:\/\/www.small-hostel-la-girelle.com\/#\/schema\/logo\/image\/\",\"url\":\"https:\/\/www.small-hostel-la-girelle.com\/files\/2016\/09\/cropped-logo-small-hostel-la-girelle.png\",\"contentUrl\":\"https:\/\/www.small-hostel-la-girelle.com\/files\/2016\/09\/cropped-logo-small-hostel-la-girelle.png\",\"width\":448,\"height\":92,\"caption\":\"La Girelle - Small Hostel Marseille\"},\"image\":{\"@id\":\"https:\/\/www.small-hostel-la-girelle.com\/#\/schema\/logo\/image\/\"}}]}<\/script>\n<!-- \/ Yoast SEO plugin. -->","yoast_head_json":{"title":"Peinture du Ch\u00e2teau d'If - La Girelle - Small Hostel Marseille","robots":{"index":"index","follow":"follow","max-snippet":"max-snippet:-1","max-image-preview":"max-image-preview:large","max-video-preview":"max-video-preview:-1"},"canonical":"https:\/\/www.small-hostel-la-girelle.com\/files\/2024\/10\/chateau-if-monte-cristo.jpg","og_locale":"fr_FR","og_type":"article","og_title":"Peinture du Ch\u00e2teau d'If - La Girelle - Small Hostel Marseille","og_description":"Peinture du Ch\u00e2teau d'If avec un ciel fanstatique et un coucher de soleil.","og_url":"https:\/\/www.small-hostel-la-girelle.com\/files\/2024\/10\/chateau-if-monte-cristo.jpg","og_site_name":"La Girelle - Small Hostel Marseille","article_modified_time":"2024-10-21T13:20:44+00:00","og_image":[{"width":743,"height":539,"url":"https:\/\/www.small-hostel-la-girelle.com\/files\/2024\/10\/chateau-if-monte-cristo.jpg","type":"image\/jpeg"}],"twitter_card":"summary_large_image","schema":{"@context":"https:\/\/schema.org","@graph":[{"@type":"WebPage","@id":"https:\/\/www.small-hostel-la-girelle.com\/files\/2024\/10\/chateau-if-monte-cristo.jpg","url":"https:\/\/www.small-hostel-la-girelle.com\/files\/2024\/10\/chateau-if-monte-cristo.jpg","name":"Peinture du Ch\u00e2teau d'If - La Girelle - Small Hostel Marseille","isPartOf":{"@id":"https:\/\/www.small-hostel-la-girelle.com\/#website"},"datePublished":"2024-10-21T11:13:06+00:00","dateModified":"2024-10-21T13:20:44+00:00","breadcrumb":{"@id":"https:\/\/www.small-hostel-la-girelle.com\/files\/2024\/10\/chateau-if-monte-cristo.jpg#breadcrumb"},"inLanguage":"fr-FR","potentialAction":[{"@type":"ReadAction","target":["https:\/\/www.small-hostel-la-girelle.com\/files\/2024\/10\/chateau-if-monte-cristo.jpg"]}]},{"@type":"BreadcrumbList","@id":"https:\/\/www.small-hostel-la-girelle.com\/files\/2024\/10\/chateau-if-monte-cristo.jpg#breadcrumb","itemListElement":[{"@type":"ListItem","position":1,"name":"Accueil","item":"https:\/\/www.small-hostel-la-girelle.com\/fr\/"},{"@type":"ListItem","position":2,"name":"Le Comte de Monte-Cristo et La Girelle : Un Lien Historique et Culturel au C\u0153ur de Marseille","item":"https:\/\/www.small-hostel-la-girelle.com\/fr\/2024\/10\/21\/comte-de-monte-cristo-chateau-dif-auberge-girelle\/"},{"@type":"ListItem","position":3,"name":"Peinture du Ch\u00e2teau d&rsquo;If"}]},{"@type":"WebSite","@id":"https:\/\/www.small-hostel-la-girelle.com\/#website","url":"https:\/\/www.small-hostel-la-girelle.com\/","name":"La Girelle - Small Hostel Marseille","description":"hostel marseille, cheap &amp; small","publisher":{"@id":"https:\/\/www.small-hostel-la-girelle.com\/#organization"},"alternateName":"Hostel Marseille","potentialAction":[{"@type":"SearchAction","target":{"@type":"EntryPoint","urlTemplate":"https:\/\/www.small-hostel-la-girelle.com\/?s={search_term_string}"},"query-input":"required name=search_term_string"}],"inLanguage":"fr-FR"},{"@type":"Organization","@id":"https:\/\/www.small-hostel-la-girelle.com\/#organization","name":"La Girelle - Small Hostel Marseille","url":"https:\/\/www.small-hostel-la-girelle.com\/","logo":{"@type":"ImageObject","inLanguage":"fr-FR","@id":"https:\/\/www.small-hostel-la-girelle.com\/#\/schema\/logo\/image\/","url":"https:\/\/www.small-hostel-la-girelle.com\/files\/2016\/09\/cropped-logo-small-hostel-la-girelle.png","contentUrl":"https:\/\/www.small-hostel-la-girelle.com\/files\/2016\/09\/cropped-logo-small-hostel-la-girelle.png","width":448,"height":92,"caption":"La Girelle - Small Hostel Marseille"},"image":{"@id":"https:\/\/www.small-hostel-la-girelle.com\/#\/schema\/logo\/image\/"}}]}},"description":{"rendered":"<p class=\"attachment\"><a href='https:\/\/www.small-hostel-la-girelle.com\/files\/2024\/10\/chateau-if-monte-cristo.jpg'><img fetchpriority=\"high\" decoding=\"async\" width=\"300\" height=\"218\" src=\"https:\/\/www.small-hostel-la-girelle.com\/files\/2024\/10\/chateau-if-monte-cristo-300x218.jpg\" class=\"attachment-medium size-medium\" alt=\"Peinture repr\u00e9sentant le Ch\u00e2teau d&#039;If \u00e0 Marseille avec un ciel fantastique et des nuances de coucher de soleil. La forteresse historique est entour\u00e9e de la mer M\u00e9diterran\u00e9e.\" srcset=\"https:\/\/www.small-hostel-la-girelle.com\/files\/2024\/10\/chateau-if-monte-cristo-300x218.jpg 300w, https:\/\/www.small-hostel-la-girelle.com\/files\/2024\/10\/chateau-if-monte-cristo.jpg 743w\" sizes=\"(max-width: 300px) 100vw, 300px\" \/><\/a><\/p>\n<p>Cette peinture illustre le Ch\u00e2teau d&rsquo;If, une forteresse historique situ\u00e9e sur une \u00eele pr\u00e8s de Marseille, avec un ciel fantastique et des couleurs de coucher de soleil. Elle capture l&rsquo;atmosph\u00e8re unique de ce lieu c\u00e9l\u00e8bre, li\u00e9 \u00e0 l&rsquo;histoire du Comte de Monte-Cristo.<\/p>\n"},"caption":{"rendered":"<p>Peinture du Ch\u00e2teau d&rsquo;If avec un ciel fanstatique et un coucher de soleil.<\/p>\n"},"alt_text":"Peinture repr\u00e9sentant le Ch\u00e2teau d'If \u00e0 Marseille avec un ciel fantastique et des nuances de coucher de soleil. La forteresse historique est entour\u00e9e de la mer M\u00e9diterran\u00e9e.","media_type":"image","mime_type":"image\/jpeg","media_details":{"width":743,"height":539,"file":"2024\/10\/chateau-if-monte-cristo.jpg","filesize":271957,"sizes":{"medium":{"file":"chateau-if-monte-cristo-300x218.jpg","width":300,"height":218,"filesize":22449,"mime_type":"image\/jpeg","source_url":"https:\/\/www.small-hostel-la-girelle.com\/files\/2024\/10\/chateau-if-monte-cristo-300x218.jpg"},"thumbnail":{"file":"chateau-if-monte-cristo-150x150.jpg","width":150,"height":150,"filesize":10484,"mime_type":"image\/jpeg","source_url":"https:\/\/www.small-hostel-la-girelle.com\/files\/2024\/10\/chateau-if-monte-cristo-150x150.jpg"},"reina_image_size_square":{"file":"chateau-if-monte-cristo-650x539.jpg","width":650,"height":539,"filesize":116537,"mime_type":"image\/jpeg","source_url":"https:\/\/www.small-hostel-la-girelle.com\/files\/2024\/10\/chateau-if-monte-cristo-650x539.jpg"},"reina_image_size_portrait":{"file":"chateau-if-monte-cristo-650x539.jpg","width":650,"height":539,"filesize":116537,"mime_type":"image\/jpeg","source_url":"https:\/\/www.small-hostel-la-girelle.com\/files\/2024\/10\/chateau-if-monte-cristo-650x539.jpg"},"full":{"file":"chateau-if-monte-cristo.jpg","width":743,"height":539,"mime_type":"image\/jpeg","source_url":"https:\/\/www.small-hostel-la-girelle.com\/files\/2024\/10\/chateau-if-monte-cristo.jpg"}},"image_meta":{"aperture":"0","credit":"","camera":"","caption":"","created_timestamp":"0","copyright":"","focal_length":"0","iso":"0","shutter_speed":"0","title":"","orientation":"0","keywords":[]}},"post":1374,"source_url":"https:\/\/www.small-hostel-la-girelle.com\/files\/2024\/10\/chateau-if-monte-cristo.jpg","_links":{"self":[{"href":"https:\/\/www.small-hostel-la-girelle.com\/fr\/wp-json\/wp\/v2\/media\/1375"}],"collection":[{"href":"https:\/\/www.small-hostel-la-girelle.com\/fr\/wp-json\/wp\/v2\/media"}],"about":[{"href":"https:\/\/www.small-hostel-la-girelle.com\/fr\/wp-json\/wp\/v2\/types\/attachment"}],"author":[{"embeddable":true,"href":"https:\/\/www.small-hostel-la-girelle.com\/fr\/wp-json\/wp\/v2\/users\/1"}],"replies":[{"embeddable":true,"href":"https:\/\/www.small-hostel-la-girelle.com\/fr\/wp-json\/wp\/v2\/comments?post=1375"}]}}

Peinture du Château d&rsquo;If

<!-- This site is optimized with the Yoast SEO plugin v22.3 - https://yoast.com/wordpress/plugins/seo/ -->
<title>Peinture du Château d&#039;If - La Girelle - Small Hostel Marseille</title>
<meta name="robots" content="index, follow, max-snippet:-1, max-image-preview:large, max-video-preview:-1" />
<link rel="canonical" href="https://www.small-hostel-la-girelle.com/files/2024/10/chateau-if-monte-cristo.jpg" />
<meta property="og:locale" content="fr_FR" />
<meta property="og:type" content="article" />
<meta property="og:title" content="Peinture du Château d&#039;If - La Girelle - Small Hostel Marseille" />
<meta property="og:description" content="Peinture du Château d&#039;If avec un ciel fanstatique et un coucher de soleil." />
<meta property="og:url" content="https://www.small-hostel-la-girelle.com/files/2024/10/chateau-if-monte-cristo.jpg" />
<meta property="og:site_name" content="La Girelle - Small Hostel Marseille" />
<meta property="article:modified_time" content="2024-10-21T13:20:44+00:00" />
<meta property="og:image" content="https://www.small-hostel-la-girelle.com/files/2024/10/chateau-if-monte-cristo.jpg" />
	<meta property="og:image:width" content="743" />
	<meta property="og:image:height" content="539" />
	<meta property="og:image:type" content="image/jpeg" />
<meta name="twitter:card" content="summary_large_image" />
<script type="application/ld+json" class="yoast-schema-graph">{"@context":"https://schema.org","@graph":[{"@type":"WebPage","@id":"https://www.small-hostel-la-girelle.com/files/2024/10/chateau-if-monte-cristo.jpg","url":"https://www.small-hostel-la-girelle.com/files/2024/10/chateau-if-monte-cristo.jpg","name":"Peinture du Château d'If - La Girelle - Small Hostel Marseille","isPartOf":{"@id":"https://www.small-hostel-la-girelle.com/#website"},"datePublished":"2024-10-21T11:13:06+00:00","dateModified":"2024-10-21T13:20:44+00:00","breadcrumb":{"@id":"https://www.small-hostel-la-girelle.com/files/2024/10/chateau-if-monte-cristo.jpg#breadcrumb"},"inLanguage":"fr-FR","potentialAction":[{"@type":"ReadAction","target":["https://www.small-hostel-la-girelle.com/files/2024/10/chateau-if-monte-cristo.jpg"]}]},{"@type":"BreadcrumbList","@id":"https://www.small-hostel-la-girelle.com/files/2024/10/chateau-if-monte-cristo.jpg#breadcrumb","itemListElement":[{"@type":"ListItem","position":1,"name":"Accueil","item":"https://www.small-hostel-la-girelle.com/fr/"},{"@type":"ListItem","position":2,"name":"Le Comte de Monte-Cristo et La Girelle : Un Lien Historique et Culturel au Cœur de Marseille","item":"https://www.small-hostel-la-girelle.com/fr/2024/10/21/comte-de-monte-cristo-chateau-dif-auberge-girelle/"},{"@type":"ListItem","position":3,"name":"Peinture du Château d&rsquo;If"}]},{"@type":"WebSite","@id":"https://www.small-hostel-la-girelle.com/#website","url":"https://www.small-hostel-la-girelle.com/","name":"La Girelle - Small Hostel Marseille","description":"hostel marseille, cheap &amp; small","publisher":{"@id":"https://www.small-hostel-la-girelle.com/#organization"},"alternateName":"Hostel Marseille","potentialAction":[{"@type":"SearchAction","target":{"@type":"EntryPoint","urlTemplate":"https://www.small-hostel-la-girelle.com/?s={search_term_string}"},"query-input":"required name=search_term_string"}],"inLanguage":"fr-FR"},{"@type":"Organization","@id":"https://www.small-hostel-la-girelle.com/#organization","name":"La Girelle - Small Hostel Marseille","url":"https://www.small-hostel-la-girelle.com/","logo":{"@type":"ImageObject","inLanguage":"fr-FR","@id":"https://www.small-hostel-la-girelle.com/#/schema/logo/image/","url":"https://www.small-hostel-la-girelle.com/files/2016/09/cropped-logo-small-hostel-la-girelle.png","contentUrl":"https://www.small-hostel-la-girelle.com/files/2016/09/cropped-logo-small-hostel-la-girelle.png","width":448,"height":92,"caption":"La Girelle - Small Hostel Marseille"},"image":{"@id":"https://www.small-hostel-la-girelle.com/#/schema/logo/image/"}}]}</script>
<!-- / Yoast SEO plugin. -->

Peinture du Château d'If - La Girelle - Small Hostel Marseille

Peinture du Château d'If avec un ciel fanstatique et un coucher de soleil.

Le Comte de Monte-Cristo et La Girelle : Un Lien Historique et Culturel au Cœur de Marseille

<p class="attachment"><a href='https://www.small-hostel-la-girelle.com/files/2024/10/chateau-if-monte-cristo.jpg'><img fetchpriority="high" decoding="async" width="300" height="218" src="https://www.small-hostel-la-girelle.com/files/2024/10/chateau-if-monte-cristo-300x218.jpg" class="attachment-medium size-medium" alt="Peinture représentant le Château d&#039;If à Marseille avec un ciel fantastique et des nuances de coucher de soleil. La forteresse historique est entourée de la mer Méditerranée." srcset="https://www.small-hostel-la-girelle.com/files/2024/10/chateau-if-monte-cristo-300x218.jpg 300w, https://www.small-hostel-la-girelle.com/files/2024/10/chateau-if-monte-cristo.jpg 743w" sizes="(max-width: 300px) 100vw, 300px" /></a></p>
<p>Cette peinture illustre le Château d&rsquo;If, une forteresse historique située sur une île près de Marseille, avec un ciel fantastique et des couleurs de coucher de soleil. Elle capture l&rsquo;atmosphère unique de ce lieu célèbre, lié à l&rsquo;histoire du Comte de Monte-Cristo.</p>

<p>Peinture du Château d&rsquo;If avec un ciel fanstatique et un coucher de soleil.</p>

Peinture représentant le Château d'If à Marseille avec un ciel fantastique et des nuances de coucher de soleil. La forteresse historique est entourée de la mer Méditerranée.
